 - 901, 5*i + 574 - 113 = 2*o. List the prime factors of o.
223
Let b(v) = -14*v - 10. Suppose 3*w = -2*a - 4, 2*w + 0 - 1 = -5*a. What are the prime factors of b(w)?
2, 3
Let n(k) = 119*k**3 + 2*k**2 - 1. What are the prime factors of n(1)?
2, 3, 5
Let h(x) = -x**3 - 2*x**2 - 2*x - 3. Let g be h(-2). Suppose 2*a - 203 = -5*f + 30, g = -f. List the prime factors of a.
7, 17
Let u be (-1550)/(-8) + 15/60. Suppose -290 = 4*a + u. List the prime factors of 2/11 - 220/a.
2
Let v(o) = -3*o**2 - 3*o - 3. Suppose -10 = 3*y + 2. Let r be v(y). What are the prime factors of (-5 - -2) + r/(-1)?
2, 3
Suppose -9*v + 7*v = 208. Let x = -55 - v. List the prime factors of x.
7
Suppose 1388 + 2242 = 6*u. Suppose -5*t = 5*p - u, -p - t + 5*t + 126 = 0. What are the prime factors of p?
2, 61
Let d(i) = 4066*i**3 + i**2 + 2*i - 3. What are the prime factors of d(1)?
2, 19, 107
Suppose -27*i = -9529 - 21062. What are the prime factors of i?
11, 103
Let z(g) = 26*g - 25. Let o be z(5). Suppose 2*k + 379 = 5*c - 92, -5*k + o = c. What are the prime factors of c?
5, 19
List the prime factors of 1 + (-60)/10 - -208.
7, 29
Suppose -13*h = -19*h - 30. Let n(b) = -30*b + 6. What are the prime factors of n(h)?
2, 3, 13
Let a = 57 + 18. What are the prime factors of (-944)/(-10) - (-45)/a?
5, 19
Let z be (12/14)/((-76)/28 + 3). Suppose -10*p + 13*p + 5*l = 143, 0 = z*p + 4*l - 148. List the prime factors of p.
2, 7
Let s(d) = d**2 + 11*d - 38. Suppose 7*q + 10*q = -374. List the prime factors of s(q).
2, 3, 17
Let w(y) = -6*y**2 + 4*y - 3. Let b be w(2). Suppose 0*k - 12*k = 396. Let a = b - k. What are the prime factors of a?
2, 7
Suppose -2254 = -6*u + 9092. List the prime factors of u.
31, 61
Let o be 4/(-6)*(-24 + -6). Let h be (-1 + 0)*(-22 + o). Suppose h*j + 3*u = -7 + 34, 3*j - 3*u - 33 = 0. List the prime factors of j.
2, 3
Suppose 0 = 2*i - 5*i + 27. Let u = i + 10. Let q = u - 10. What are the prime factors of q?
3
What are the prime factors of 77/22*29640/42?
2, 5, 13, 19
Let i(l) = l**3 + 9*l**2 - 6*l - 5. Let t be i(-7). Suppose 144 = -s + 4*w, -s = -0*s + 5*w + t. What are the prime factors of ((-60)/(-8))/((-15)/s)?
2, 5, 7
Let z(l) = 20*l - 10. Let c(v) = 1. Let b(j) = 18*c(j) + 2*z(j). List the prime factors of b(2).
2, 3, 13
Let y(m) = -3*m + 2*m**2 - 22 + 5*m - 4*m + 25. Let g be (-1 + 9)*(-6)/(-12). What are the prime factors of y(g)?
3
Let b = 7 - 9. Let u(i) be the third derivative of i**5/12 + i**4/24 + i**3/3 + 3*i**2. What are the prime factors of u(b)?
2, 5
Let y = 23 - 14. Let h be 4/3 - (-6)/y. Suppose -h*i + 24 = -3*m - 35, 179 = 5*i + 3*m. List the prime factors of i.
2, 17
Suppose 7*l = 3*l - 376. Let a = -50 - l. List the prime factors of a.
2, 11
List the prime factors of (-23272)/24*-1 + (-5)/(-15).
2, 5, 97
Let f(s) = -38*s + 7. Let h be f(-5). Suppose 0 = -4*w + 2*r + r + h, 3*w - r - 144 = 0. Suppose -4*j = 7 - w. What are the prime factors of j?
2, 5
Let p(u) = -u**2 - 11*u + 3. Let g be p(-11). Suppose g*z - 66 = 2*y - y, -y + 26 = z. What are the prime factors of z?
23
Let h(g) = g**2 - 5*g - 7. Let y be h(5). Let o = y + 9. Suppose 2*q + 0*q - 2*u - 16 = 0, o*u = q - 7. What are the prime factors of q?
3
Suppose -11*c + 4605 = -8*c. List the prime factors of c.
5, 307
Let m(w) be the first derivative of w**3 - 11*w**2/2 + 20*w - 19. What are the prime factors of m(9)?
2, 41
Let y = -27 - -29. Suppose 0*t + 142 = y*t + v, 0 = v. What are the prime factors of t?
71
List the prime factors of (-16074)/(-10) - (1312/80 - 16).
1607
Let d be 4/(-2) + -1 - -14. Let n(a) = a**3 - 11*a**2 - a + 13. Let i be n(d). Let v = 9 + i. What are the prime factors of v?
11
What are the prime factors of (18 - 8)*10/4?
5
Suppose h - 4*u = -2*h - 14, 2*h - 5*u = -21. What are the prime factors of (0 + h - 1)/(13/3133)?
241
Let v be 191 - 7/((-21)/(-6)). Suppose 5*l - v = 3*g, -5*l + 171 = -0*l + 3*g. Suppose -2*y - l = -3*y. List the prime factors of y.
2, 3
Let u(t) = -86*t**3 - t**2 + 2*t - 3. What are the prime factors of u(-2)?
677
Suppose 0 = 25*a - 65275 + 11000. List the prime factors of a.
13, 167
List the prime factors of (8824/(-18))/(-1) - (-10)/(-45).
2, 5, 7
Let w be 0 - (-2 + -4 + -2). Suppose -4*g - w = 32. Let l(u) = -9*u - 21. What are the prime factors of l(g)?
3, 23
Let c be 4/(-10) - (-2)/5. Suppose c*s + s = 0. Let g(r) = r**2 + 22. List the prime factors of g(s).
2, 11
Suppose -12*f = -16*f + 20. Suppose -3*m + f*d = -0*d - 48, -5*d - 4 = m. What are the prime factors of m?
11
Let d = -2 - 3. What are the prime factors of (-216)/d - 6/30?
43
Let i(f) = f**3 - f**2 - 5*f + 2. Let q be i(3). Let t(d) = -d - 5. Let k be t(-6). Suppose k = p - q. What are the prime factors of p?
2, 3
List the prime factors of 4020 + ((-70 - -7)/7 - -2).
4013
Suppose 49 + 38 = -3*r. Let m = r - -25. What are the prime factors of 2 + 4 + 4 + m?
2, 3
Let h(s) = -s + 120. Let i be h(0). Suppose 81*k - 415 = 86*k. Let q = k + i. What are the prime factors of q?
37
Let i(a) = 4*a**2 - 2*a - a - 2*a - 8. Let h(y) = -5*y**2 + 4*y + 7. Let z(c) = 3*h(c) + 4*i(c). What are the prime factors of z(11)?
2, 11
Let n = 606 - 432. Suppose d + 58 = -b - 3*d, 3*b - d = -n. Let a = 133 + b. What are the prime factors of a?
3, 5
Suppose -2*w + 2*l - 330 = -900, -5*w = 4*l - 1443. What are the prime factors of w?
7, 41
Let q(p) = -8*p**2 - 4*p + 7 + 19*p**2 - p - 10*p**2. List the prime factors of q(-5).
3, 19
Let b = -172 + 40. Suppose -5*p + 850 + 119 = 2*w, -3*p - w = -582. Let m = p + b. List the prime factors of m.
3, 7
Suppose -71*w + 3 = -72*w. List the prime factors of 6*-15*(-4)/24 - w.
2, 3
Let o = -111 - -186. Let p = o - 11. Let y = -40 + p. List the prime factors of y.
2, 3
Let z(s) = 29*s**2 - 9*s + 20. What are the prime factors of z(4)?
2, 7
Let x = 5369 + -2869. List the prime factors of x.
2, 5
Suppose -9 = -0*c - c. Let f be 1/(3/c) - -35. Suppose -q = 3*w - f, q - 33 = -w - w. What are the prime factors of q?
23
Let w = 57 - 55. Let y(k) = 10*k**2 + 3*k - 2. List the prime factors of y(w).
2, 11
Let c(h) = -h**2 - 4*h + 8. Let o be c(-10). Let i = 78 - o. What are the prime factors of i?
2, 5, 13
Let a = -15 + 19. Suppose -2*f + a*t = -384, -2*t - 603 - 135 = -4*f. What are the prime factors of f?
2, 7, 13
Suppose 0 = 5*s - b - 710, s - 26*b - 142 = -21*b. What are the prime factors of s?
2, 71
Let a = -16 - -92. Let i(o) = -77*o + 2 + a*o + 15. List the prime factors of i(-13).
2, 3, 5
Suppose -17*j + 14*j + 3 = 0. Let g be (-2)/(j/(4 + -2)). List the prime factors of -99*(13/(-3) - g).
3, 11
Suppose -7 = -5*g - r + 1, -2*g + 10 = -3*r. Suppose -u + g = 2*u + 4*x, 3*u + 16 = 5*x. List the prime factors of 17*(u/(-1))/2.
17
Let f = 10 - 12. What are the prime factors of (11 - 9)/(f/(-28))?
2, 7
Let y = -26 - -19. List the prime factors of (0 + 1)*(y - -6) + 161.
2, 5
Let p(o) = 11*o**2 - 33*o - 193. List the prime factors of p(23).
31, 157
Let f be 22 - (-2 - -3 - 1). Suppose 3*y + 73 = 4*g, 0*g - g + 4 = 0. Let c = f + y. List the prime factors of c.
3
Let u = 493 + -448. What are the prime factors of u?
3, 5
Suppose 0 = 4*k - l - 16, 26 = -0*k + 2*k - 5*l. Suppose 220 = k*g - u + 19, -5*g - u = -327. List the prime factors of g.
2, 3, 11
Let u(f) = 15*f**2 - 1. Let i be u(-1). List the prime factors of ((-60)/28 + 3)*i.
2, 3
Let q(a) = 16*a + 38. What are the prime factors of q(8)?
2, 83
Let s be 6/(-39) + 1/((-13)/(-2)). Suppose s = -4*t - 2*t + 588. What are the prime factors of t?
2, 7
Let c = -3 - -7. What are the prime factors of 34 - (2 + c - 3)?
31
Suppose 5*o - 2*f = -37, f - 2 = -f. Let z be (-928)/112 - 2/o. Let k = 0 - z. List the prime factors of k.
2
Suppose -2*p + 303 = 219. List the prime factors of p.
2, 3, 7
List the prime factors of 3027/8 + 24/(-64).
2, 3, 7
What are the prime factors of (30/2)/(345/2898)?
2, 3, 7
Suppose 9*z - 7*z - 4 = 0. What are the prime factors of (-81)/(-2) + (-1)/z?
2, 5
Let u(v) = -433*v - 55. What are the prime factors of u(-13)?
2, 3, 929
Suppose -3*o = -910 - 8123. List the prime factors of o.
3011
Let b be (-17)/(-5) + (-6)/15. Suppose -b*k + 184 - 61 = 0. List the prime factors of k.
41
Let x(n) = n**3 - 2*n**2 + n + 4. Let b be x(3). Let v = 46 - b. What are the prime factors of ((-54)/v)/(2/(-30